{"id":85,"date":"2023-03-17T09:16:48","date_gmt":"2023-03-17T08:16:48","guid":{"rendered":"https:\/\/ateliermh.fr\/?page_id=85"},"modified":"2026-01-29T19:10:39","modified_gmt":"2026-01-29T18:10:39","slug":"prestations-proposees","status":"publish","type":"page","link":"https:\/\/ateliermh.fr\/?page_id=85","title":{"rendered":"Constat d&rsquo;\u00e9tat et diagnostic"},"content":{"rendered":"\n<div style=\"height:40px\" aria-hidden=\"true\" class=\"wp-block-spacer\"><\/div>\n\n\n\n<div class=\"wp-block-columns is-layout-flex wp-container-core-columns-is-layout-28f84493 wp-block-columns-is-layout-flex\">\n<div class=\"wp-block-column is-layout-flow wp-block-column-is-layout-flow\" style=\"flex-basis:33.33%\">\n<p><\/p>\n\n\n\n<div style=\"height:50px\" aria-hidden=\"true\" class=\"wp-block-spacer\"><\/div>\n\n\n\n<p>Une \u00e9tude pr\u00e9liminaire et un constat d&rsquo;\u00e9tat son r\u00e9alis\u00e9s avant toute op\u00e9ration de restauration. L&rsquo;ensemble des mat\u00e9riaux constitutifs, les \u00e9tats de d\u00e9gradations et leurs causes sont d\u00e9termin\u00e9s.<\/p>\n\n\n\n<p>Plusieurs outils peuvent \u00eatre utilis\u00e9s lors des diff\u00e9rentes observations. On retrouve la lumi\u00e8re rasante, la lumi\u00e8re naturelle ou la lumi\u00e8re ultraviolette (U.V.). L&rsquo;ensemble de ces observations permettent de poser un diagnostic le plus pr\u00e9cis possible avant de soumettre une proposition de traitement.<\/p>\n\n\n\n<p> Un rapport de restauration peut \u00eatre r\u00e9alis\u00e9 sur demande. <\/p>\n<\/div>\n\n\n\n<div class=\"wp-block-column is-layout-flow wp-block-column-is-layout-flow\" style=\"flex-basis:66.66%\">\n<div class=\"wp-block-columns is-layout-flex wp-container-core-columns-is-layout-28f84493 wp-block-columns-is-layout-flex\">\n<div class=\"wp-block-column is-layout-flow wp-block-column-is-layout-flow\">\n<figure class=\"wp-block-gallery has-nested-images columns-default is-cropped wp-block-gallery-1 is-layout-flex wp-block-gallery-is-layout-flex\">\n<figure class=\"wp-block-image size-large\"><img fetchpriority=\"high\" decoding=\"async\" width=\"1024\" height=\"683\" data-id=\"492\" src=\"https:\/\/ateliermh.fr\/wp-content\/uploads\/2023\/07\/IMG_9256-1-1024x683.jpg\" alt=\"\" class=\"wp-image-492\" srcset=\"https:\/\/ateliermh.fr\/wp-content\/uploads\/2023\/07\/IMG_9256-1-1024x683.jpg 1024w, https:\/\/ateliermh.fr\/wp-content\/uploads\/2023\/07\/IMG_9256-1-300x200.jpg 300w, https:\/\/ateliermh.fr\/wp-content\/uploads\/2023\/07\/IMG_9256-1-768x512.jpg 768w, https:\/\/ateliermh.fr\/wp-content\/uploads\/2023\/07\/IMG_9256-1-1536x1024.jpg 1536w, https:\/\/ateliermh.fr\/wp-content\/uploads\/2023\/07\/IMG_9256-1-2048x1365.jpg 2048w, https:\/\/ateliermh.fr\/wp-content\/uploads\/2023\/07\/IMG_9256-1-1140x760.jpg 1140w\" sizes=\"(max-width: 1024px) 100vw, 1024px\" \/><\/figure>\n<\/figure>\n\n\n\n<div style=\"height:10px\" aria-hidden=\"true\" class=\"wp-block-spacer\"><\/div>\n\n\n\n<figure class=\"wp-block-gallery has-nested-images columns-default is-cropped wp-block-gallery-2 is-layout-flex wp-block-gallery-is-layout-flex\">\n<figure class=\"wp-block-image size-full\"><img decoding=\"async\" width=\"512\" height=\"384\" data-id=\"541\" src=\"https:\/\/ateliermh.fr\/wp-content\/uploads\/2023\/07\/cropped-cropped-IMG_6250-Grande-edited-1.jpeg\" alt=\"\" class=\"wp-image-541\" srcset=\"https:\/\/ateliermh.fr\/wp-content\/uploads\/2023\/07\/cropped-cropped-IMG_6250-Grande-edited-1.jpeg 512w, https:\/\/ateliermh.fr\/wp-content\/uploads\/2023\/07\/cropped-cropped-IMG_6250-Grande-edited-1-300x225.jpeg 300w\" sizes=\"(max-width: 512px) 100vw, 512px\" \/><\/figure>\n<\/figure>\n<\/div>\n\n\n\n<div class=\"wp-block-column is-layout-flow wp-block-column-is-layout-flow\">\n<figure class=\"wp-block-gallery has-nested-images columns-default is-cropped wp-block-gallery-3 is-layout-flex wp-block-gallery-is-layout-flex\">\n<figure class=\"wp-block-image size-large\"><img decoding=\"async\" width=\"1024\" height=\"683\" data-id=\"493\" src=\"https:\/\/ateliermh.fr\/wp-content\/uploads\/2023\/07\/IMG_9526-1-1024x683.jpg\" alt=\"\" class=\"wp-image-493\" srcset=\"https:\/\/ateliermh.fr\/wp-content\/uploads\/2023\/07\/IMG_9526-1-1024x683.jpg 1024w, https:\/\/ateliermh.fr\/wp-content\/uploads\/2023\/07\/IMG_9526-1-300x200.jpg 300w, https:\/\/ateliermh.fr\/wp-content\/uploads\/2023\/07\/IMG_9526-1-768x512.jpg 768w, https:\/\/ateliermh.fr\/wp-content\/uploads\/2023\/07\/IMG_9526-1-1536x1024.jpg 1536w, https:\/\/ateliermh.fr\/wp-content\/uploads\/2023\/07\/IMG_9526-1-2048x1365.jpg 2048w, https:\/\/ateliermh.fr\/wp-content\/uploads\/2023\/07\/IMG_9526-1-1140x760.jpg 1140w\" sizes=\"(max-width: 1024px) 100vw, 1024px\" \/><\/figure>\n<\/figure>\n\n\n\n<div style=\"height:10px\" aria-hidden=\"true\" class=\"wp-block-spacer\"><\/div>\n\n\n\n<figure class=\"wp-block-gallery has-nested-images columns-default is-cropped wp-block-gallery-4 is-layout-flex wp-block-gallery-is-layout-flex\">\n<figure class=\"wp-block-image size-large\"><img loading=\"lazy\" decoding=\"async\" width=\"1024\" height=\"768\" data-id=\"497\" src=\"https:\/\/ateliermh.fr\/wp-content\/uploads\/2023\/07\/20180617_155635-Grande-1-1024x768.jpeg\" alt=\"\" class=\"wp-image-497\" srcset=\"https:\/\/ateliermh.fr\/wp-content\/uploads\/2023\/07\/20180617_155635-Grande-1-1024x768.jpeg 1024w, https:\/\/ateliermh.fr\/wp-content\/uploads\/2023\/07\/20180617_155635-Grande-1-300x225.jpeg 300w, https:\/\/ateliermh.fr\/wp-content\/uploads\/2023\/07\/20180617_155635-Grande-1-768x576.jpeg 768w, https:\/\/ateliermh.fr\/wp-content\/uploads\/2023\/07\/20180617_155635-Grande-1-1140x855.jpeg 1140w, https:\/\/ateliermh.fr\/wp-content\/uploads\/2023\/07\/20180617_155635-Grande-1-rotated.jpeg 1280w\" sizes=\"(max-width: 1024px) 100vw, 1024px\" \/><\/figure>\n<\/figure>\n<\/div>\n<\/div>\n<\/div>\n<\/div>\n\n\n\n<p><\/p>\n\n\n\n<p><\/p>\n\n\n\n<p> <\/p>\n","protected":false},"excerpt":{"rendered":"<p>Une \u00e9tude pr\u00e9liminaire et un constat d&rsquo;\u00e9tat son r\u00e9alis\u00e9s avant toute op\u00e9ration de restauration. L&rsquo;ensemble des mat\u00e9riaux constitutifs, les \u00e9tats de d\u00e9gradations et leurs causes sont d\u00e9termin\u00e9s. Plusieurs outils peuvent \u00eatre utilis\u00e9s lors des diff\u00e9rentes observations. On retrouve la lumi\u00e8re rasante, la lumi\u00e8re naturelle ou la lumi\u00e8re ultraviolette (U.V.). L&rsquo;ensemble de ces observations permettent de poser un diagnostic le plus pr\u00e9cis possible avant de soumettre une proposition de traitement. Un rapport de restauration peut \u00eatre r\u00e9alis\u00e9 sur demande.<\/p>\n","protected":false},"author":1,"featured_media":0,"parent":0,"menu_order":0,"comment_status":"closed","ping_status":"closed","template":"","meta":{"footnotes":""},"class_list":["post-85","page","type-page","status-publish","hentry"],"yoast_head":"<!-- This site is optimized with the Yoast SEO plugin v26.5 - https:\/\/yoast.com\/wordpress\/plugins\/seo\/ -->\n<title>Constat d&#039;\u00e9tat et diagnostic - Atelier MH<\/title>\n<meta name=\"robots\" content=\"index, follow, max-snippet:-1, max-image-preview:large, max-video-preview:-1\" \/>\n<link rel=\"canonical\" href=\"https:\/\/ateliermh.fr\/?page_id=85\" \/>\n<meta property=\"og:locale\" content=\"fr_FR\" \/>\n<meta property=\"og:type\" content=\"article\" \/>\n<meta property=\"og:title\" content=\"Constat d&#039;\u00e9tat et diagnostic - Atelier MH\" \/>\n<meta property=\"og:description\" content=\"Une \u00e9tude pr\u00e9liminaire et un constat d&rsquo;\u00e9tat son r\u00e9alis\u00e9s avant toute op\u00e9ration de restauration. L&rsquo;ensemble des mat\u00e9riaux constitutifs, les \u00e9tats de d\u00e9gradations et leurs causes sont d\u00e9termin\u00e9s. Plusieurs outils peuvent \u00eatre utilis\u00e9s lors des diff\u00e9rentes observations. On retrouve la lumi\u00e8re rasante, la lumi\u00e8re naturelle ou la lumi\u00e8re ultraviolette (U.V.). L&rsquo;ensemble de ces observations permettent de poser un diagnostic le plus pr\u00e9cis possible avant de soumettre une proposition de traitement. Un rapport de restauration peut \u00eatre r\u00e9alis\u00e9 sur demande.\" \/>\n<meta property=\"og:url\" content=\"https:\/\/ateliermh.fr\/?page_id=85\" \/>\n<meta property=\"og:site_name\" content=\"Atelier MH\" \/>\n<meta property=\"article:publisher\" content=\"https:\/\/www.facebook.com\/AtelierMH52\/\" \/>\n<meta property=\"article:modified_time\" content=\"2026-01-29T18:10:39+00:00\" \/>\n<meta property=\"og:image\" content=\"https:\/\/ateliermh.fr\/wp-content\/uploads\/2023\/07\/IMG_9256-1-scaled.jpg\" \/>\n\t<meta property=\"og:image:width\" content=\"2560\" \/>\n\t<meta property=\"og:image:height\" content=\"1707\" \/>\n\t<meta property=\"og:image:type\" content=\"image\/jpeg\" \/>\n<meta name=\"twitter:card\" content=\"summary_large_image\" \/>\n<meta name=\"twitter:label1\" content=\"Dur\u00e9e de lecture estim\u00e9e\" \/>\n\t<meta name=\"twitter:data1\" content=\"2 minutes\" \/>\n<script type=\"application\/ld+json\" class=\"yoast-schema-graph\">{\"@context\":\"https:\/\/schema.org\",\"@graph\":[{\"@type\":\"WebPage\",\"@id\":\"https:\/\/ateliermh.fr\/?page_id=85\",\"url\":\"https:\/\/ateliermh.fr\/?page_id=85\",\"name\":\"Constat d'\u00e9tat et diagnostic - Atelier MH\",\"isPartOf\":{\"@id\":\"https:\/\/ateliermh.fr\/#website\"},\"primaryImageOfPage\":{\"@id\":\"https:\/\/ateliermh.fr\/?page_id=85#primaryimage\"},\"image\":{\"@id\":\"https:\/\/ateliermh.fr\/?page_id=85#primaryimage\"},\"thumbnailUrl\":\"https:\/\/ateliermh.fr\/wp-content\/uploads\/2023\/07\/IMG_9256-1-1024x683.jpg\",\"datePublished\":\"2023-03-17T08:16:48+00:00\",\"dateModified\":\"2026-01-29T18:10:39+00:00\",\"breadcrumb\":{\"@id\":\"https:\/\/ateliermh.fr\/?page_id=85#breadcrumb\"},\"inLanguage\":\"fr-FR\",\"potentialAction\":[{\"@type\":\"ReadAction\",\"target\":[\"https:\/\/ateliermh.fr\/?page_id=85\"]}]},{\"@type\":\"ImageObject\",\"inLanguage\":\"fr-FR\",\"@id\":\"https:\/\/ateliermh.fr\/?page_id=85#primaryimage\",\"url\":\"https:\/\/ateliermh.fr\/wp-content\/uploads\/2023\/07\/IMG_9256-1-scaled.jpg\",\"contentUrl\":\"https:\/\/ateliermh.fr\/wp-content\/uploads\/2023\/07\/IMG_9256-1-scaled.jpg\",\"width\":2560,\"height\":1707},{\"@type\":\"BreadcrumbList\",\"@id\":\"https:\/\/ateliermh.fr\/?page_id=85#breadcrumb\",\"itemListElement\":[{\"@type\":\"ListItem\",\"position\":1,\"name\":\"Accueil\",\"item\":\"https:\/\/ateliermh.fr\/\"},{\"@type\":\"ListItem\",\"position\":2,\"name\":\"Constat d&rsquo;\u00e9tat et diagnostic\"}]},{\"@type\":\"WebSite\",\"@id\":\"https:\/\/ateliermh.fr\/#website\",\"url\":\"https:\/\/ateliermh.fr\/\",\"name\":\"Atelier MH\",\"description\":\"Conservation Restauration de tableaux\",\"publisher\":{\"@id\":\"https:\/\/ateliermh.fr\/#organization\"},\"potentialAction\":[{\"@type\":\"SearchAction\",\"target\":{\"@type\":\"EntryPoint\",\"urlTemplate\":\"https:\/\/ateliermh.fr\/?s={search_term_string}\"},\"query-input\":{\"@type\":\"PropertyValueSpecification\",\"valueRequired\":true,\"valueName\":\"search_term_string\"}}],\"inLanguage\":\"fr-FR\"},{\"@type\":\"Organization\",\"@id\":\"https:\/\/ateliermh.fr\/#organization\",\"name\":\"Atelier MH\",\"url\":\"https:\/\/ateliermh.fr\/\",\"logo\":{\"@type\":\"ImageObject\",\"inLanguage\":\"fr-FR\",\"@id\":\"https:\/\/ateliermh.fr\/#\/schema\/logo\/image\/\",\"url\":\"https:\/\/ateliermh.fr\/wp-content\/uploads\/2023\/10\/cropped-Logo-secondaire.jpg\",\"contentUrl\":\"https:\/\/ateliermh.fr\/wp-content\/uploads\/2023\/10\/cropped-Logo-secondaire.jpg\",\"width\":407,\"height\":407,\"caption\":\"Atelier MH\"},\"image\":{\"@id\":\"https:\/\/ateliermh.fr\/#\/schema\/logo\/image\/\"},\"sameAs\":[\"https:\/\/www.facebook.com\/AtelierMH52\/\"]}]}<\/script>\n<!-- \/ Yoast SEO plugin. -->","yoast_head_json":{"title":"Constat d'\u00e9tat et diagnostic - Atelier MH","robots":{"index":"index","follow":"follow","max-snippet":"max-snippet:-1","max-image-preview":"max-image-preview:large","max-video-preview":"max-video-preview:-1"},"canonical":"https:\/\/ateliermh.fr\/?page_id=85","og_locale":"fr_FR","og_type":"article","og_title":"Constat d'\u00e9tat et diagnostic - Atelier MH","og_description":"Une \u00e9tude pr\u00e9liminaire et un constat d&rsquo;\u00e9tat son r\u00e9alis\u00e9s avant toute op\u00e9ration de restauration. L&rsquo;ensemble des mat\u00e9riaux constitutifs, les \u00e9tats de d\u00e9gradations et leurs causes sont d\u00e9termin\u00e9s. Plusieurs outils peuvent \u00eatre utilis\u00e9s lors des diff\u00e9rentes observations. On retrouve la lumi\u00e8re rasante, la lumi\u00e8re naturelle ou la lumi\u00e8re ultraviolette (U.V.). L&rsquo;ensemble de ces observations permettent de poser un diagnostic le plus pr\u00e9cis possible avant de soumettre une proposition de traitement. Un rapport de restauration peut \u00eatre r\u00e9alis\u00e9 sur demande.","og_url":"https:\/\/ateliermh.fr\/?page_id=85","og_site_name":"Atelier MH","article_publisher":"https:\/\/www.facebook.com\/AtelierMH52\/","article_modified_time":"2026-01-29T18:10:39+00:00","og_image":[{"width":2560,"height":1707,"url":"https:\/\/ateliermh.fr\/wp-content\/uploads\/2023\/07\/IMG_9256-1-scaled.jpg","type":"image\/jpeg"}],"twitter_card":"summary_large_image","twitter_misc":{"Dur\u00e9e de lecture estim\u00e9e":"2 minutes"},"schema":{"@context":"https:\/\/schema.org","@graph":[{"@type":"WebPage","@id":"https:\/\/ateliermh.fr\/?page_id=85","url":"https:\/\/ateliermh.fr\/?page_id=85","name":"Constat d'\u00e9tat et diagnostic - Atelier MH","isPartOf":{"@id":"https:\/\/ateliermh.fr\/#website"},"primaryImageOfPage":{"@id":"https:\/\/ateliermh.fr\/?page_id=85#primaryimage"},"image":{"@id":"https:\/\/ateliermh.fr\/?page_id=85#primaryimage"},"thumbnailUrl":"https:\/\/ateliermh.fr\/wp-content\/uploads\/2023\/07\/IMG_9256-1-1024x683.jpg","datePublished":"2023-03-17T08:16:48+00:00","dateModified":"2026-01-29T18:10:39+00:00","breadcrumb":{"@id":"https:\/\/ateliermh.fr\/?page_id=85#breadcrumb"},"inLanguage":"fr-FR","potentialAction":[{"@type":"ReadAction","target":["https:\/\/ateliermh.fr\/?page_id=85"]}]},{"@type":"ImageObject","inLanguage":"fr-FR","@id":"https:\/\/ateliermh.fr\/?page_id=85#primaryimage","url":"https:\/\/ateliermh.fr\/wp-content\/uploads\/2023\/07\/IMG_9256-1-scaled.jpg","contentUrl":"https:\/\/ateliermh.fr\/wp-content\/uploads\/2023\/07\/IMG_9256-1-scaled.jpg","width":2560,"height":1707},{"@type":"BreadcrumbList","@id":"https:\/\/ateliermh.fr\/?page_id=85#breadcrumb","itemListElement":[{"@type":"ListItem","position":1,"name":"Accueil","item":"https:\/\/ateliermh.fr\/"},{"@type":"ListItem","position":2,"name":"Constat d&rsquo;\u00e9tat et diagnostic"}]},{"@type":"WebSite","@id":"https:\/\/ateliermh.fr\/#website","url":"https:\/\/ateliermh.fr\/","name":"Atelier MH","description":"Conservation Restauration de tableaux","publisher":{"@id":"https:\/\/ateliermh.fr\/#organization"},"potentialAction":[{"@type":"SearchAction","target":{"@type":"EntryPoint","urlTemplate":"https:\/\/ateliermh.fr\/?s={search_term_string}"},"query-input":{"@type":"PropertyValueSpecification","valueRequired":true,"valueName":"search_term_string"}}],"inLanguage":"fr-FR"},{"@type":"Organization","@id":"https:\/\/ateliermh.fr\/#organization","name":"Atelier MH","url":"https:\/\/ateliermh.fr\/","logo":{"@type":"ImageObject","inLanguage":"fr-FR","@id":"https:\/\/ateliermh.fr\/#\/schema\/logo\/image\/","url":"https:\/\/ateliermh.fr\/wp-content\/uploads\/2023\/10\/cropped-Logo-secondaire.jpg","contentUrl":"https:\/\/ateliermh.fr\/wp-content\/uploads\/2023\/10\/cropped-Logo-secondaire.jpg","width":407,"height":407,"caption":"Atelier MH"},"image":{"@id":"https:\/\/ateliermh.fr\/#\/schema\/logo\/image\/"},"sameAs":["https:\/\/www.facebook.com\/AtelierMH52\/"]}]}},"_links":{"self":[{"href":"https:\/\/ateliermh.fr\/index.php?rest_route=\/wp\/v2\/pages\/85","targetHints":{"allow":["GET"]}}],"collection":[{"href":"https:\/\/ateliermh.fr\/index.php?rest_route=\/wp\/v2\/pages"}],"about":[{"href":"https:\/\/ateliermh.fr\/index.php?rest_route=\/wp\/v2\/types\/page"}],"author":[{"embeddable":true,"href":"https:\/\/ateliermh.fr\/index.php?rest_route=\/wp\/v2\/users\/1"}],"replies":[{"embeddable":true,"href":"https:\/\/ateliermh.fr\/index.php?rest_route=%2Fwp%2Fv2%2Fcomments&post=85"}],"version-history":[{"count":1,"href":"https:\/\/ateliermh.fr\/index.php?rest_route=\/wp\/v2\/pages\/85\/revisions"}],"predecessor-version":[{"id":975,"href":"https:\/\/ateliermh.fr\/index.php?rest_route=\/wp\/v2\/pages\/85\/revisions\/975"}],"wp:attachment":[{"href":"https:\/\/ateliermh.fr\/index.php?rest_route=%2Fwp%2Fv2%2Fmedia&parent=85"}],"curies":[{"name":"wp","href":"https:\/\/api.w.org\/{rel}","templated":true}]}}