{"id":113,"date":"2023-03-17T11:02:23","date_gmt":"2023-03-17T10:02:23","guid":{"rendered":"https:\/\/ateliermh.fr\/?page_id=113"},"modified":"2026-01-29T19:36:10","modified_gmt":"2026-01-29T18:36:10","slug":"actu-et-presse","status":"publish","type":"page","link":"https:\/\/ateliermh.fr\/?page_id=113","title":{"rendered":"Actu &#038; Presse"},"content":{"rendered":"\n<div style=\"height:59px\" aria-hidden=\"true\" class=\"wp-block-spacer\"><\/div>\n\n\n\n<h4 class=\"wp-block-heading\">Retrouvez toute l&rsquo;actualit\u00e9 de l&rsquo;atelier sur des salons de cette ann\u00e9e !<\/h4>\n\n\n\n<div style=\"height:51px\" aria-hidden=\"true\" class=\"wp-block-spacer\"><\/div>\n\n\n\n<div class=\"wp-block-columns is-layout-flex wp-container-core-columns-is-layout-28f84493 wp-block-columns-is-layout-flex\">\n<div class=\"wp-block-column is-layout-flow wp-block-column-is-layout-flow\" style=\"flex-basis:66.66%\"><div class=\"n2_clear\"><ss3-force-full-width data-overflow-x=\"body\" data-horizontal-selector=\"body\"><div class=\"n2-section-smartslider fitvidsignore  n2_clear\" data-ssid=\"20\"><div id=\"n2-ss-20-align\" class=\"n2-ss-align\"><div class=\"n2-padding\"><div id=\"n2-ss-20\" data-creator=\"Smart Slider 3\" data-responsive=\"fullwidth\" class=\"n2-ss-slider n2-ow n2-has-hover n2notransition  \">\n        <div class=\"n2-ss-slider-1 n2_ss__touch_element n2-ow\">\n            <div class=\"n2-ss-slider-2 n2-ow\">\n                                                <div class=\"n2-ss-slider-3 n2-ow\">\n\n                    <div class=\"n2-ss-slide-backgrounds n2-ow-all\"><div class=\"n2-ss-slide-background\" data-public-id=\"1\" data-mode=\"fit\"><div class=\"n2-ss-slide-background-image\" data-blur=\"0\" data-opacity=\"100\" data-x=\"49\" data-y=\"42\" data-alt=\"\" data-title=\"\" style=\"--ss-o-pos-x:49%;--ss-o-pos-y:42%\"><picture class=\"skip-lazy\" data-skip-lazy=\"1\"><img decoding=\"async\" src=\"\/\/ateliermh.fr\/wp-content\/uploads\/2025\/09\/Post-reseau-Grande-e1757339656634.jpeg\" alt=\"\" title=\"\" loading=\"lazy\" class=\"skip-lazy\" data-skip-lazy=\"1\"><\/picture><\/div><div data-color=\"RGBA(255,255,255,0)\" style=\"background-color: RGBA(255,255,255,0);\" class=\"n2-ss-slide-background-color\"><\/div><\/div><\/div>                    <div class=\"n2-ss-slider-4 n2-ow\">\n                        <svg xmlns=\"http:\/\/www.w3.org\/2000\/svg\" viewBox=\"0 0 1200 600\" data-related-device=\"desktopPortrait\" class=\"n2-ow n2-ss-preserve-size n2-ss-preserve-size--slider n2-ss-slide-limiter\"><\/svg><div data-first=\"1\" data-slide-duration=\"0\" data-id=\"75\" data-slide-public-id=\"1\" data-title=\"Post re\u0301seau Grande\" class=\"n2-ss-slide n2-ow  n2-ss-slide-75\"><div role=\"note\" class=\"n2-ss-slide--focus\" tabindex=\"-1\">Post re\u0301seau Grande<\/div><div class=\"n2-ss-layers-container n2-ss-slide-limiter n2-ow\"><div class=\"n2-ss-layer n2-ow n-uc-lcwPUzjlpEvS\" data-sstype=\"slide\" data-pm=\"default\"><\/div><\/div><\/div>                    <\/div>\n\n                                    <\/div>\n            <\/div>\n        <\/div>\n        <\/div><ss3-loader><\/ss3-loader><\/div><\/div><div class=\"n2_clear\"><\/div><\/div><\/ss3-force-full-width><\/div><\/div>\n\n\n\n<div class=\"wp-block-column is-layout-flow wp-block-column-is-layout-flow\" style=\"flex-basis:33.33%\"><\/div>\n<\/div>\n\n\n\n<div style=\"height:100px\" aria-hidden=\"true\" class=\"wp-block-spacer\"><\/div>\n\n\n\n<h4 class=\"wp-block-heading\">Retrouvez l&rsquo;ensemble des articles de presses de l&rsquo;atelier !<\/h4>\n\n\n\n<div style=\"height:40px\" aria-hidden=\"true\" class=\"wp-block-spacer\"><\/div>\n\n\n\n<h5 class=\"wp-block-heading has-white-background-color has-background\"><a href=\"https:\/\/www.lest-eclair.fr\/id481859\/article\/2023-05-06\/le-public-la-rencontre-des-artistes-et-artisans-bagneux-la-fosse\" target=\"_blank\" rel=\"noreferrer noopener\">Est Eclair, Article du 7 mai 2023<\/a><\/h5>\n\n\n\n<div class=\"wp-block-media-text alignwide is-stacked-on-mobile\" style=\"grid-template-columns:66% auto\"><figure class=\"wp-block-media-text__media\"><a href=\"https:\/\/www.lest-eclair.fr\/id481859\/article\/2023-05-06\/le-public-la-rencontre-des-artistes-et-artisans-bagneux-la-fosse\"><img fetchpriority=\"high\" decoding=\"async\" width=\"806\" height=\"1024\" src=\"https:\/\/ateliermh.fr\/wp-content\/uploads\/2023\/05\/IMG_7949-Grande-806x1024.jpeg\" alt=\"\" class=\"wp-image-445 size-full\" srcset=\"https:\/\/ateliermh.fr\/wp-content\/uploads\/2023\/05\/IMG_7949-Grande-806x1024.jpeg 806w, https:\/\/ateliermh.fr\/wp-content\/uploads\/2023\/05\/IMG_7949-Grande-236x300.jpeg 236w, https:\/\/ateliermh.fr\/wp-content\/uploads\/2023\/05\/IMG_7949-Grande-768x975.jpeg 768w, https:\/\/ateliermh.fr\/wp-content\/uploads\/2023\/05\/IMG_7949-Grande.jpeg 1008w\" sizes=\"(max-width: 806px) 100vw, 806px\" \/><\/a><\/figure><div class=\"wp-block-media-text__content\">\n<p>Article de l&rsquo;Est Eclair du 7 mai 2023 <\/p>\n\n\n\n<p><\/p>\n<\/div><\/div>\n\n\n\n<div style=\"height:100px\" aria-hidden=\"true\" class=\"wp-block-spacer\"><\/div>\n\n\n\n<hr class=\"wp-block-separator has-alpha-channel-opacity is-style-wide\"\/>\n\n\n\n<h5 class=\"wp-block-heading has-black-color has-white-background-color has-text-color has-background\" id=\"https:\/\/www.saint-dizier.fr\/fileadmin\/user_upload\/mediatheque\/ville_agglo\/pages\/actualite_agenda\/publications\/magazine\/saint-dizier-der-et-blaise-mag-58-juillet-aout-2022.pdf\">JHM, 14 mars 2021<\/h5>\n\n\n\n<div class=\"wp-block-media-text alignwide is-stacked-on-mobile\" style=\"grid-template-columns:42% auto\"><figure class=\"wp-block-media-text__media\"><img decoding=\"async\" width=\"463\" height=\"671\" src=\"https:\/\/ateliermh.fr\/wp-content\/uploads\/2023\/04\/Capture-decran-2023-04-19-a-20.15.47.png\" alt=\"\" class=\"wp-image-355 size-full\" srcset=\"https:\/\/ateliermh.fr\/wp-content\/uploads\/2023\/04\/Capture-decran-2023-04-19-a-20.15.47.png 463w, https:\/\/ateliermh.fr\/wp-content\/uploads\/2023\/04\/Capture-decran-2023-04-19-a-20.15.47-207x300.png 207w\" sizes=\"(max-width: 463px) 100vw, 463px\" \/><\/figure><div class=\"wp-block-media-text__content\">\n<p>Pr\u00e9sentation de la restauration du tableau de saint Nicolas de l&rsquo;\u00e9glise de Joinville.<\/p>\n<\/div><\/div>\n\n\n\n<div style=\"height:100px\" aria-hidden=\"true\" class=\"wp-block-spacer\"><\/div>\n\n\n\n<hr class=\"wp-block-separator has-alpha-channel-opacity is-style-wide\"\/>\n\n\n\n<h5 class=\"wp-block-heading has-black-color has-white-background-color has-text-color has-background\" id=\"https:\/\/www.saint-dizier.fr\/fileadmin\/user_upload\/mediatheque\/ville_agglo\/pages\/actualite_agenda\/publications\/magazine\/saint-dizier-der-et-blaise-mag-58-juillet-aout-2022.pdf\">Le Mag&rsquo;, Juillet\/Aout 2022<\/h5>\n\n\n\n<div class=\"wp-block-group\"><div class=\"wp-block-group__inner-container is-layout-constrained wp-block-group-is-layout-constrained\">\n<div class=\"wp-block-media-text alignwide is-stacked-on-mobile\"><figure class=\"wp-block-media-text__media\"><a href=\"https:\/\/www.saint-dizier.fr\/fileadmin\/user_upload\/mediatheque\/ville_agglo\/pages\/actualite_agenda\/publications\/magazine\/saint-dizier-der-et-blaise-mag-58-juillet-aout-2022.pdf\" target=\"_blank\" rel=\"noreferrer noopener\"><img decoding=\"async\" width=\"405\" height=\"572\" src=\"https:\/\/ateliermh.fr\/wp-content\/uploads\/2023\/04\/Capture-decran-2023-04-19-a-20.10.17.png\" alt=\"\" class=\"wp-image-354 size-full\" srcset=\"https:\/\/ateliermh.fr\/wp-content\/uploads\/2023\/04\/Capture-decran-2023-04-19-a-20.10.17.png 405w, https:\/\/ateliermh.fr\/wp-content\/uploads\/2023\/04\/Capture-decran-2023-04-19-a-20.10.17-212x300.png 212w\" sizes=\"(max-width: 405px) 100vw, 405px\" \/><\/a><\/figure><div class=\"wp-block-media-text__content\">\n<p><a rel=\"noreferrer noopener\" href=\"https:\/\/www.saint-dizier.fr\/fileadmin\/user_upload\/mediatheque\/ville_agglo\/pages\/actualite_agenda\/publications\/magazine\/saint-dizier-der-et-blaise-mag-58-juillet-aout-2022.pdf\" target=\"_blank\">Saint-Dizier, Der &amp; Blaise le Mag<\/a>&lsquo; (p. 16)<\/p>\n<\/div><\/div>\n<\/div><\/div>\n\n\n\n<div style=\"height:100px\" aria-hidden=\"true\" class=\"wp-block-spacer\"><\/div>\n\n\n\n<hr class=\"wp-block-separator has-alpha-channel-opacity is-style-wide\"\/>\n\n\n\n<h5 class=\"wp-block-heading has-white-background-color has-background\"><a href=\"https:\/\/www.bdmma.paris\/les-prix\/prix-savoir-faire-en-transmission\/marion-hugerot-dans-l-atelier-de-catherine-polnecq\/\">Prix Savoir <\/a><a rel=\"noreferrer noopener\" href=\"https:\/\/www.bdmma.paris\/les-prix\/prix-savoir-faire-en-transmission\/marion-hugerot-dans-l-atelier-de-catherine-polnecq\/\" target=\"_blank\">Faire<\/a><a href=\"https:\/\/www.bdmma.paris\/les-prix\/prix-savoir-faire-en-transmission\/marion-hugerot-dans-l-atelier-de-catherine-polnecq\/\"> et Transmission par la ville de Paris<\/a> &#8211; 2021<\/h5>\n\n\n\n<div class=\"wp-block-media-text alignwide is-stacked-on-mobile\"><figure class=\"wp-block-media-text__media\"><a href=\"https:\/\/www.bdmma.paris\/les-prix\/prix-savoir-faire-en-transmission\/marion-hugerot-dans-l-atelier-de-catherine-polnecq\/\" target=\"_blank\" rel=\"noreferrer noopener\"><img loading=\"lazy\" decoding=\"async\" width=\"1024\" height=\"561\" src=\"https:\/\/ateliermh.fr\/wp-content\/uploads\/2023\/04\/Capture-decran-2023-04-19-a-20.08.02-1024x561.png\" alt=\"\" class=\"wp-image-353 size-full\" srcset=\"https:\/\/ateliermh.fr\/wp-content\/uploads\/2023\/04\/Capture-decran-2023-04-19-a-20.08.02-1024x561.png 1024w, https:\/\/ateliermh.fr\/wp-content\/uploads\/2023\/04\/Capture-decran-2023-04-19-a-20.08.02-300x164.png 300w, https:\/\/ateliermh.fr\/wp-content\/uploads\/2023\/04\/Capture-decran-2023-04-19-a-20.08.02-768x421.png 768w, https:\/\/ateliermh.fr\/wp-content\/uploads\/2023\/04\/Capture-decran-2023-04-19-a-20.08.02-1140x625.png 1140w, https:\/\/ateliermh.fr\/wp-content\/uploads\/2023\/04\/Capture-decran-2023-04-19-a-20.08.02.png 1381w\" sizes=\"(max-width: 1024px) 100vw, 1024px\" \/><\/a><\/figure><div class=\"wp-block-media-text__content\">\n<p>Prix en savoir faire et transmission de la ville de Paris, r\u00e9alis\u00e9 au sein de l&rsquo;Atelier Catherine POLNECQ<\/p>\n<\/div><\/div>\n\n\n\n<p><\/p>\n\n\n\n<p><\/p>\n","protected":false},"excerpt":{"rendered":"<p>Retrouvez toute l&rsquo;actualit\u00e9 de l&rsquo;atelier sur des salons de cette ann\u00e9e ! Retrouvez l&rsquo;ensemble des articles de presses de l&rsquo;atelier ! Est Eclair, Article du 7 mai 2023 Article de l&rsquo;Est Eclair du 7 mai 2023 JHM, 14 mars 2021 Pr\u00e9sentation de la restauration du tableau de saint Nicolas de l&rsquo;\u00e9glise de Joinville. Le Mag&rsquo;, Juillet\/Aout 2022 Saint-Dizier, Der &amp; Blaise le Mag&lsquo; (p. 16) Prix Savoir Faire et Transmission par la ville de Paris &#8211; 2021 Prix en savoir faire et transmission de la ville de Paris, r\u00e9alis\u00e9 au sein de l&rsquo;Atelier Catherine POLNECQ<\/p>\n","protected":false},"author":1,"featured_media":0,"parent":0,"menu_order":0,"comment_status":"closed","ping_status":"closed","template":"","meta":{"footnotes":""},"class_list":["post-113","page","type-page","status-publish","hentry"],"yoast_head":"<!-- This site is optimized with the Yoast SEO plugin v26.5 - https:\/\/yoast.com\/wordpress\/plugins\/seo\/ -->\n<title>Actu &amp; Presse - Atelier MH<\/title>\n<meta name=\"description\" content=\"Restez inform\u00e9 de l&#039;actualit\u00e9 de l&#039;atelier et d\u00e9couvrez ses \u00e9v\u00e9nements pass\u00e9s.\" \/>\n<meta name=\"robots\" content=\"index, follow, max-snippet:-1, max-image-preview:large, max-video-preview:-1\" \/>\n<link rel=\"canonical\" href=\"https:\/\/ateliermh.fr\/?page_id=113\" \/>\n<meta property=\"og:locale\" content=\"fr_FR\" \/>\n<meta property=\"og:type\" content=\"article\" \/>\n<meta property=\"og:title\" content=\"Actu &amp; Presse - Atelier MH\" \/>\n<meta property=\"og:description\" content=\"Restez inform\u00e9 de l&#039;actualit\u00e9 de l&#039;atelier et d\u00e9couvrez ses \u00e9v\u00e9nements pass\u00e9s.\" \/>\n<meta property=\"og:url\" content=\"https:\/\/ateliermh.fr\/?page_id=113\" \/>\n<meta property=\"og:site_name\" content=\"Atelier MH\" \/>\n<meta property=\"article:publisher\" content=\"https:\/\/www.facebook.com\/AtelierMH52\/\" \/>\n<meta property=\"article:modified_time\" content=\"2026-01-29T18:36:10+00:00\" \/>\n<meta property=\"og:image\" content=\"https:\/\/ateliermh.fr\/wp-content\/uploads\/2023\/05\/IMG_7949-Grande-806x1024.jpeg\" \/>\n<meta name=\"twitter:card\" content=\"summary_large_image\" \/>\n<meta name=\"twitter:label1\" content=\"Dur\u00e9e de lecture estim\u00e9e\" \/>\n\t<meta name=\"twitter:data1\" content=\"2 minutes\" \/>\n<script type=\"application\/ld+json\" class=\"yoast-schema-graph\">{\"@context\":\"https:\/\/schema.org\",\"@graph\":[{\"@type\":\"WebPage\",\"@id\":\"https:\/\/ateliermh.fr\/?page_id=113\",\"url\":\"https:\/\/ateliermh.fr\/?page_id=113\",\"name\":\"Actu & Presse - Atelier MH\",\"isPartOf\":{\"@id\":\"https:\/\/ateliermh.fr\/#website\"},\"primaryImageOfPage\":{\"@id\":\"https:\/\/ateliermh.fr\/?page_id=113#primaryimage\"},\"image\":{\"@id\":\"https:\/\/ateliermh.fr\/?page_id=113#primaryimage\"},\"thumbnailUrl\":\"https:\/\/ateliermh.fr\/wp-content\/uploads\/2023\/05\/IMG_7949-Grande-806x1024.jpeg\",\"datePublished\":\"2023-03-17T10:02:23+00:00\",\"dateModified\":\"2026-01-29T18:36:10+00:00\",\"description\":\"Restez inform\u00e9 de l'actualit\u00e9 de l'atelier et d\u00e9couvrez ses \u00e9v\u00e9nements pass\u00e9s.\",\"breadcrumb\":{\"@id\":\"https:\/\/ateliermh.fr\/?page_id=113#breadcrumb\"},\"inLanguage\":\"fr-FR\",\"potentialAction\":[{\"@type\":\"ReadAction\",\"target\":[\"https:\/\/ateliermh.fr\/?page_id=113\"]}]},{\"@type\":\"ImageObject\",\"inLanguage\":\"fr-FR\",\"@id\":\"https:\/\/ateliermh.fr\/?page_id=113#primaryimage\",\"url\":\"https:\/\/ateliermh.fr\/wp-content\/uploads\/2023\/05\/IMG_7949-Grande.jpeg\",\"contentUrl\":\"https:\/\/ateliermh.fr\/wp-content\/uploads\/2023\/05\/IMG_7949-Grande.jpeg\",\"width\":1008,\"height\":1280},{\"@type\":\"BreadcrumbList\",\"@id\":\"https:\/\/ateliermh.fr\/?page_id=113#breadcrumb\",\"itemListElement\":[{\"@type\":\"ListItem\",\"position\":1,\"name\":\"Accueil\",\"item\":\"https:\/\/ateliermh.fr\/\"},{\"@type\":\"ListItem\",\"position\":2,\"name\":\"Actu &#038; Presse\"}]},{\"@type\":\"WebSite\",\"@id\":\"https:\/\/ateliermh.fr\/#website\",\"url\":\"https:\/\/ateliermh.fr\/\",\"name\":\"Atelier MH\",\"description\":\"Conservation Restauration de tableaux\",\"publisher\":{\"@id\":\"https:\/\/ateliermh.fr\/#organization\"},\"potentialAction\":[{\"@type\":\"SearchAction\",\"target\":{\"@type\":\"EntryPoint\",\"urlTemplate\":\"https:\/\/ateliermh.fr\/?s={search_term_string}\"},\"query-input\":{\"@type\":\"PropertyValueSpecification\",\"valueRequired\":true,\"valueName\":\"search_term_string\"}}],\"inLanguage\":\"fr-FR\"},{\"@type\":\"Organization\",\"@id\":\"https:\/\/ateliermh.fr\/#organization\",\"name\":\"Atelier MH\",\"url\":\"https:\/\/ateliermh.fr\/\",\"logo\":{\"@type\":\"ImageObject\",\"inLanguage\":\"fr-FR\",\"@id\":\"https:\/\/ateliermh.fr\/#\/schema\/logo\/image\/\",\"url\":\"https:\/\/ateliermh.fr\/wp-content\/uploads\/2023\/10\/cropped-Logo-secondaire.jpg\",\"contentUrl\":\"https:\/\/ateliermh.fr\/wp-content\/uploads\/2023\/10\/cropped-Logo-secondaire.jpg\",\"width\":407,\"height\":407,\"caption\":\"Atelier MH\"},\"image\":{\"@id\":\"https:\/\/ateliermh.fr\/#\/schema\/logo\/image\/\"},\"sameAs\":[\"https:\/\/www.facebook.com\/AtelierMH52\/\"]}]}<\/script>\n<!-- \/ Yoast SEO plugin. -->","yoast_head_json":{"title":"Actu & Presse - Atelier MH","description":"Restez inform\u00e9 de l'actualit\u00e9 de l'atelier et d\u00e9couvrez ses \u00e9v\u00e9nements pass\u00e9s.","robots":{"index":"index","follow":"follow","max-snippet":"max-snippet:-1","max-image-preview":"max-image-preview:large","max-video-preview":"max-video-preview:-1"},"canonical":"https:\/\/ateliermh.fr\/?page_id=113","og_locale":"fr_FR","og_type":"article","og_title":"Actu & Presse - Atelier MH","og_description":"Restez inform\u00e9 de l'actualit\u00e9 de l'atelier et d\u00e9couvrez ses \u00e9v\u00e9nements pass\u00e9s.","og_url":"https:\/\/ateliermh.fr\/?page_id=113","og_site_name":"Atelier MH","article_publisher":"https:\/\/www.facebook.com\/AtelierMH52\/","article_modified_time":"2026-01-29T18:36:10+00:00","og_image":[{"url":"https:\/\/ateliermh.fr\/wp-content\/uploads\/2023\/05\/IMG_7949-Grande-806x1024.jpeg","type":"","width":"","height":""}],"twitter_card":"summary_large_image","twitter_misc":{"Dur\u00e9e de lecture estim\u00e9e":"2 minutes"},"schema":{"@context":"https:\/\/schema.org","@graph":[{"@type":"WebPage","@id":"https:\/\/ateliermh.fr\/?page_id=113","url":"https:\/\/ateliermh.fr\/?page_id=113","name":"Actu & Presse - Atelier MH","isPartOf":{"@id":"https:\/\/ateliermh.fr\/#website"},"primaryImageOfPage":{"@id":"https:\/\/ateliermh.fr\/?page_id=113#primaryimage"},"image":{"@id":"https:\/\/ateliermh.fr\/?page_id=113#primaryimage"},"thumbnailUrl":"https:\/\/ateliermh.fr\/wp-content\/uploads\/2023\/05\/IMG_7949-Grande-806x1024.jpeg","datePublished":"2023-03-17T10:02:23+00:00","dateModified":"2026-01-29T18:36:10+00:00","description":"Restez inform\u00e9 de l'actualit\u00e9 de l'atelier et d\u00e9couvrez ses \u00e9v\u00e9nements pass\u00e9s.","breadcrumb":{"@id":"https:\/\/ateliermh.fr\/?page_id=113#breadcrumb"},"inLanguage":"fr-FR","potentialAction":[{"@type":"ReadAction","target":["https:\/\/ateliermh.fr\/?page_id=113"]}]},{"@type":"ImageObject","inLanguage":"fr-FR","@id":"https:\/\/ateliermh.fr\/?page_id=113#primaryimage","url":"https:\/\/ateliermh.fr\/wp-content\/uploads\/2023\/05\/IMG_7949-Grande.jpeg","contentUrl":"https:\/\/ateliermh.fr\/wp-content\/uploads\/2023\/05\/IMG_7949-Grande.jpeg","width":1008,"height":1280},{"@type":"BreadcrumbList","@id":"https:\/\/ateliermh.fr\/?page_id=113#breadcrumb","itemListElement":[{"@type":"ListItem","position":1,"name":"Accueil","item":"https:\/\/ateliermh.fr\/"},{"@type":"ListItem","position":2,"name":"Actu &#038; Presse"}]},{"@type":"WebSite","@id":"https:\/\/ateliermh.fr\/#website","url":"https:\/\/ateliermh.fr\/","name":"Atelier MH","description":"Conservation Restauration de tableaux","publisher":{"@id":"https:\/\/ateliermh.fr\/#organization"},"potentialAction":[{"@type":"SearchAction","target":{"@type":"EntryPoint","urlTemplate":"https:\/\/ateliermh.fr\/?s={search_term_string}"},"query-input":{"@type":"PropertyValueSpecification","valueRequired":true,"valueName":"search_term_string"}}],"inLanguage":"fr-FR"},{"@type":"Organization","@id":"https:\/\/ateliermh.fr\/#organization","name":"Atelier MH","url":"https:\/\/ateliermh.fr\/","logo":{"@type":"ImageObject","inLanguage":"fr-FR","@id":"https:\/\/ateliermh.fr\/#\/schema\/logo\/image\/","url":"https:\/\/ateliermh.fr\/wp-content\/uploads\/2023\/10\/cropped-Logo-secondaire.jpg","contentUrl":"https:\/\/ateliermh.fr\/wp-content\/uploads\/2023\/10\/cropped-Logo-secondaire.jpg","width":407,"height":407,"caption":"Atelier MH"},"image":{"@id":"https:\/\/ateliermh.fr\/#\/schema\/logo\/image\/"},"sameAs":["https:\/\/www.facebook.com\/AtelierMH52\/"]}]}},"_links":{"self":[{"href":"https:\/\/ateliermh.fr\/index.php?rest_route=\/wp\/v2\/pages\/113","targetHints":{"allow":["GET"]}}],"collection":[{"href":"https:\/\/ateliermh.fr\/index.php?rest_route=\/wp\/v2\/pages"}],"about":[{"href":"https:\/\/ateliermh.fr\/index.php?rest_route=\/wp\/v2\/types\/page"}],"author":[{"embeddable":true,"href":"https:\/\/ateliermh.fr\/index.php?rest_route=\/wp\/v2\/users\/1"}],"replies":[{"embeddable":true,"href":"https:\/\/ateliermh.fr\/index.php?rest_route=%2Fwp%2Fv2%2Fcomments&post=113"}],"version-history":[{"count":1,"href":"https:\/\/ateliermh.fr\/index.php?rest_route=\/wp\/v2\/pages\/113\/revisions"}],"predecessor-version":[{"id":974,"href":"https:\/\/ateliermh.fr\/index.php?rest_route=\/wp\/v2\/pages\/113\/revisions\/974"}],"wp:attachment":[{"href":"https:\/\/ateliermh.fr\/index.php?rest_route=%2Fwp%2Fv2%2Fmedia&parent=113"}],"curies":[{"name":"wp","href":"https:\/\/api.w.org\/{rel}","templated":true}]}}